6)?
0
Let r be (-10)/(-4) + -1 - 209/(-2). Suppose 0 = 14*k - 16*k + r. What is the units digit of k?
3
Suppose 5 + 7 = 3*i. Suppose 2*f = i*f - 2. What is the units digit of (3*f)/(18/120)?
0
Suppose 0*x - 25 = 5*x, -2*f - 4*x = 16. Suppose 0 = 2*g + f*g - 16. Suppose 3*b + 3*i - 22 = -2*i, -b = 5*i - g. What is the units digit of b?
9
Suppose 3*k - 658 = 2333. What is the tens digit of k?
9
Let p = 13 - 11. Suppose p*v = 5*v - 48. Suppose -m + 2*m = v. What is the units digit of m?
6
Let c(j) = 4*j**2 - j - 6. Let l be c(4). Suppose -56*t + 4 = -l*t. What is the units digit of t?
2
What is the units digit of -1726*(-2)/4 - 1?
2
Let k = -1921 + 2909. What is the hundreds digit of k?
9
Let t = 4 - 3. Suppose -4*i - t = 4*r - 49, 5*i - 52 = -3*r. What is the units digit of i?
8
Let d(a) = -2*a + 25. Let x be d(4). Let b = 2 - 0. Suppose 1 = -b*f + 2*c - 1, f + x = 5*c. What is the units digit of f?
3
Let f(r) = -6*r**3 - 17*r**2 - 17*r + 13. Let i(c) = -c**3 - c**2 - c - 1. Let d(s) = f(s) - 5*i(s). What is the tens digit of d(-11)?
2
Let o(t) = -19*t. What is the hundreds digit of o(-15)?
2
Let z(g) be the third derivative of -g**5/60 + 11*g**4/24 - 4*g**3/3 + g**2. Let x be z(10). Suppose -8*m = -9*m + x. What is the units digit of m?
2
Suppose 3*r - 4*w + 16 = 108, 4*r + 5*w - 133 = 0. Let o = 156 - r. What is the tens digit of o?
2
Let m(w) = 2*w**2 + w**3 + w**2 - 4*w**2 - w + 3*w**2 + 20. What is the units digit of m(0)?
0
Let k be 8/24*3*6. Suppose 9 = 3*a, -3*f - k*a = -3*a - 315. What is the units digit of f?
2
What is the thousands digit of -3*(8 - (-1810)/(-3))?
1
Suppose -w - 5*p + 44 = 0, 0*p - 3*p = w - 36. Suppose -w - 41 = -m. What is the units digit of m?
5
Let j = 4667 + -356. What is the hundreds digit of j?
3
Suppose 6*p = 4*p. Suppose -2*g - 32 + 106 = p. What is the tens digit of g?
3
Let m(c) = 22*c**2 - 48*c - 7. What is the units digit of m(5)?
3
Suppose -5*q + 515 = -l - 998, -2*l - 6 = 0. What is the units digit of q?
2
What is the units digit of 24/48*694/1?
7
What is the tens digit of 0 - (10 + -8)*-1447?
9
Suppose -156413 = -126*z + 25027. What is the units digit of z?
0
Let o = -36 + 22. What is the tens digit of o/21 - (-142)/6?
2
Suppose -18 = 3*l - 0*l. Let p(z) = z**2 + 5*z - 5. Let k be p(l). What is the tens digit of (k - (0 - 1)) + 45?
4
Suppose 0 = -3*p + 3482 + 2542. What is the thousands digit of p?
2
Let n(q) = 85*q - 234. What is the tens digit of n(14)?
5
Suppose 717*g = 712*g + 9555. What is the thousands digit of g?
1
Let d be (-2)/(-4)*-6 - -1. Let a be -1 + -1 + 101 + d. What is the tens digit of 3/4 - a/(-4)?
2
Suppose -9*v - 87744 = -25*v. What is the hundreds digit of v?
4
What is the tens digit of (-912)/42*(-28)/8?
7
Let s = 232 + 1150. What is the thousands digit of s?
1
Suppose -11*o + 2*o = -1008. What is the hundreds digit of o?
1
Suppose 0*u = u + 24. Suppose -433*i - 511 = -426*i. Let t = u - i. What is the tens digit of t?
4
Suppose 0 = 6*m - 2076 + 792. Suppose -4*t + 6*t - m = 0. What is the tens digit of t?
0
What is the thousands digit of (618/15)/((-2)/(-55))?
1
Suppose 5*m = 109 + 56. Suppose -6*v = -v - 4*r - m, -4*v + 45 = 3*r. What is the units digit of 44/6 - 3/v?
7
Suppose 3689 + 2752 = 3*g. What is the hundreds digit of g?
1
Let u(p) = -15*p + 31. What is the units digit of u(-4)?
1
Suppose 0 = -2*r - 35 - 69. Let g be 356/r + 4/(-26). What is the tens digit of 1*g/((-7)/24)?
2
Let y be (-9)/(-2)*-6 - 0. Let n = 29 + y. Suppose -5*s + 448 = n*s. What is the units digit of s?
4
Let s(m) = -16*m + 6. Let c be s(-5). Suppose -3*i = 2*k - 0*k - c, -k + 30 = i. What is the units digit of i?
6
Let y(q) = -q**3 + 8*q**2 + 6. Let l be y(8). Let d = l + -6. Suppose 5*k - 5*u + 0*u - 145 = d, -3*k - 5*u + 79 = 0. What is the units digit of k?
8
Suppose -3*g = 5*i - 4038, 198 - 3418 = -4*i - 5*g. What is the tens digit of i?
1
Let l be 1 - 14/(-2) - 3/1. What is the tens digit of (-1745)/(-25) + (6/l - 1)?
7
Suppose 5*z + 3*j - 9004 = 5*j, 3*j - 3613 = -2*z. What is the units digit of z?
2
Suppose 0 = -4*i - 8*s + 9*s + 6966, -2 = s. What is the tens digit of i?
4
Suppose -4*x + 4*y + 2263 = 7*y, -9*x + y + 5115 = 0. What is the units digit of x?
8
Suppose -4*a = 4, 0 = -2*c + 7*a - 3*a + 3470. What is the thousands digit of c?
1
Let k = 13 + -6. Let z(n) = -8*n - k*n**2 + n**3 + n + n - 11. What is the units digit of z(8)?
5
Suppose -3*s + 5*b = 8, -2*b + 3*b = s. Suppose -c + 60 = 5*j + 2*c, s*j + 2*c = 46. What is the units digit of j?
9
Let v(t) = 2*t - 26. Let h be v(11). Let x be (-10)/h*(-56)/(-35). Let z(u) = u**3 - 3*u**2 - u + 1. What is the tens digit of z(x)?
1
Let q(y) = 19*y**2 - 5*y - 65. What is the hundreds digit of q(-7)?
9
Suppose -7 = -3*u + 2, 2*v - 7819 = -3*u. What is the thousands digit of v?
3
Let v be (2 - 0)/(4/6). Suppose -v*r = -6*r + 6. Suppose 4*g - 6*a - 164 = -a, -4*g - r*a = -192. What is the units digit of g?
6
Suppose -f + 21 = -0*f. Let v be f/(-6)*(-4)/2. Let c(r) = r**2 - 7*r + 3. What is the units digit of c(v)?
3
Let t = -15 + 17. Suppose -k + 39 = a + 4*k, t*a + 2*k = 62. What is the units digit of a?
9
Let u(v) = 14*v**2 - 6*v - 5. Let q be u(5). Suppose -2*k = 2*w - 270, -53 + q = 2*k + 4*w. What is the tens digit of k?
3
Let b(p) = -73*p + 2. Let l be b(-1). Let j = l + -33. What is the tens digit of j?
4
Let h = 1042 - 530. Suppose -8*p + 4*d = -4*p - h, 3*p - 2*d - 385 = 0. What is the tens digit of p?
2
What is the tens digit of ((-234)/4)/(33/(-484))?
5
Let j = -58 + 62. Suppose 0*r - j*r + 360 = 0. What is the tens digit of r?
9
Suppose -3*j + 10 = 2*j. Suppose -5*w - j*z = -50 + 14, -w = z - 9. Suppose 3*x - 93 = -w. What is the tens digit of x?
2
Suppose -2*q = 3*x + 5, -5*x + 16*q + 21 = 12*q. Suppose -5*o - 5*v - 28 = -2*v, -5*o - v - 36 = 0. Let p = x - o. What is the units digit of p?
9
Let p = -4134 - -5868. What is the thousands digit of p?
1
Suppose a + a = 0. Suppose 2*p - 4 = -a*p. Suppose 0 = -t + 2 + p. What is the units digit of t?
4
Suppose -30*i = -11317 - 8363. What is the tens digit of i?
5
Let x(g) = -g**3 - 2*g**2 + 5*g + 6. Suppose -b = t - 11, -4*b - 2*t + 51 = 9. Suppose -m - h = -3*h + b, 19 = -m + 5*h. What is the units digit of x(m)?
8
Suppose -n = 65 + 3. Let l(f) = -f**2 + 4*f + 3. Let r be l(-3). Let j = r - n. What is the tens digit of j?
5
Let b = -286 - -528. What is the tens digit of b?
4
Suppose -4*h = -4*r, 0 = -r + 4*h - 0*h. Suppose -m - 2*q = -110, m + 4*q - 155 + 51 = r. Suppose 0 + m = 4*j. What is the tens digit of j?
2
Let f(h) = h**3 + 3*h**2 + 4*h - 9. Let l be f(5). Suppose -4*v + l = -q, -v = -2*q + q - 52. What is the tens digit of v?
5
Let p = 231 + -117. What is the units digit of p?
4
Let u = 719 + -1879. Let p be (-2)/(-3) + u/(-24). What is the units digit of 3/7 - (-1988)/p?
1
Let x(m) = -7 + 9*m + 4 - 17 - 6. What is the units digit of x(21)?
3
Let d be 44 + (4 - 35/5). Suppose -2*x + 87 + d = 0. What is the units digit of x?
4
Let j(v) = 21*v**2 - 5*v + 12. Let x be j(6). Suppose 8*t - 2506 + x = 0. What is the hundreds digit of t?
2
Let n(z) = 2*z**2 + 5*z + 5. Suppose 3*i + 0 = 4*l - 27, -34 = -5*l + 4*i. What is the hundreds digit of n(l)?
1
Suppose 846 = 703*h - 700*h. What is the units digit of h?
2
Suppose 2441 = p + 51*c - 55*c, p - 2*c - 2449 = 0. What is the units digit of p?
7
Suppose -122148 = -77*p + 12910. What is the thousands digit of p?
1
Let c(k) = -4*k - 37. Let d be c(-7). Let g(j) = -j**3 + 6*j**2 - 6*j + 1. Let i be g(5). What is the tens digit of (-164)/d - i/(-18)?
1
Suppose 0 = 4*j - 2*j + 2*l - 32, 0 = 5*j - l - 56. Suppose j = 3*a - 3. Let p(x) = -x**3 + 6*x**2 - 2*x + 7. What is the units digit of p(a)?
2
What is the tens digit of 4753*(-2)/(-10) + (-26)/(-65)?
5
Suppose -4*n + 4*j = -28, -4*n - 12 = -j - 31. Suppose -3*w + n*q = -0*q - 252, -4*w - 4*q = -364. What is the tens digit of w?
8
Let u(b) = 21*b**2 - 6*b + 13. What is the units digit of u(-6)?
5
Suppose -54*r = -53*r - 4*i - 2350, -5*r + 3*i = -11784. What is the units digit of r?
8
Suppose -3*t = -5*b - 3, 0 = 4*t - 5*b - 3 - 6. Suppose -3*k + t*d - 7*d = -312, 0 = d. What is the tens digit of k?
0
Let p = 4 - -11. Let v be (-101)/(-2) - p/30. Let g = v + -16. What is the tens digit of g?